ue
Let j(r) = 3*r**3 - 2*r**2 - 7*r + 17. Is j(5) composite?
False
Suppose -z + 1 = -u, -3*z + 7*u - 2*u = -11. Let f(i) = -i**2 + i + 1. Let w(x) = 3*x**2 + 2*x - 2. Let d(g) = -2*f(g) - w(g). Is d(z) prime?
True
Let x = -8 + 8. Suppose w - 2*s - 189 = 0, -w + 4*w - 2*s - 559 = x. Is w composite?
True
Suppose -4*q + 50 = s, -q + 22 = -3*s + 8*s. Is ((-1)/2)/(q/(-7464)) composite?
False
Is 3/1 - (-4 + 1320/(-3)) prime?
False
Suppose -6 = 3*r, 3*r + 1 + 5 = -2*x. Suppose 4*o + 3 + 5 = x. Let y(j) = -26*j + 1. Is y(o) a prime number?
True
Suppose 2*k = -0*k. Suppose 2*j + k*m = -2*m - 18, 0 = 3*j - 5*m - 13. Let z(f) = -84*f - 5. Is z(j) prime?
True
Suppose 0*q = 3*q - 6. Suppose 5 + 3 = q*o. Suppose 0 = -o*p + 30 + 118. Is p composite?
False
Suppose 382 = -3*t + 5*t. Is t prime?
True
Is 0 + -1 - (-299)/(-1)*-4 prime?
False
Let j(p) = p**3 + 14*p**2 - 3*p + 1. Is j(-8) a composite number?
False
Is (33 + -1 + 5)*1 composite?
False
Suppose 5*i = -k + 3*k - 789, -5*i = -5*k + 1980. Is k a prime number?
True
Let g(d) = 3*d + 17. Is g(16) a composite number?
True
Let n(u) = u**2 + 9*u + 12. Let l be n(-8). Suppose 2*j - 46 = -l*a, j + 2*a = -4*j + 115. Is j a composite number?
False
Suppose 5*c - 5*z - 620 = 80, -2*c + 285 = -z. Is c composite?
True
Let j = 12 - -1. Suppose -23 - j = -2*n. Let w = -5 + n. Is w composite?
False
Suppose -3*w + 529 = j + 80, 3*j + 292 = 2*w. Is w a composite number?
False
Suppose -2415 = j + 4*j. Suppose 0 = 4*l - 9*l - 4*o - 4831, -1922 = 2*l - o. Is (-1)/(l/j + -2) prime?
False
Suppose 8219 = 4*c - 2*c + n, c - 3*n = 4120. Is c composite?
False
Let u(i) be the second derivative of 0 + 0*i**2 + 1/2*i**3 + 2*i + 1/3*i**4. Is u(-2) a prime number?
False
Suppose -g + 0*g = -4. Let d be ((-2)/(-2))/(g/(-28)). Let q(t) = t**3 + 6*t**2 - 9*t - 7. Is q(d) a prime number?
True
Let a(q) = -q**3 + 8*q**2 + 9*q + 4. Let k be a(9). Suppose 3*c - 646 = -0*c - g, 878 = k*c - 2*g. Is c a prime number?
False
Let x = 238 + -36. Suppose -f + x = -9. Is f prime?
True
Suppose -i + 260 = -237. Is i prime?
False
Let c(s) = 12*s**2 - 12*s + 7. Let j(n) = 36*n**2 - 35*n + 20. Let r(l) = -17*c(l) + 6*j(l). Is r(-5) a prime number?
True
Is -2 + 1 + (335 - 0) prime?
False
Let p = 2948 - 1110. Is p/14 + (-6)/21 a composite number?
False
Let x(n) = 15*n**2 - n + 9. Is x(-4) prime?
False
Is (-62460)/(-28) - (-8)/28 composite?
True
Is (47/(-3))/((-8)/72) a prime number?
False
Is 736/12 - 2/(-3) composite?
True
Let q(o) = -4*o**3 + o**2 - 1. Let b be q(-1). Suppose 5*n + 1450 = 4*s + s, s + b*n - 295 = 0. Is s a prime number?
False
Let s = -1648 + 2325. Is s prime?
True
Suppose 3*c = -m + 871, -2*m + 0*m - 4*c = -1746. Is m prime?
True
Let m(v) = v - 1. Suppose 0 = z - 0 - 5. Let d be m(z). Let f = d - -51. Is f composite?
True
Let x(c) = 16*c**2 + 4*c + 26. Is x(-8) a composite number?
True
Let j(y) = y**2 - 5*y + 3. Let f be j(5). Suppose -2*b + f*b - 28 = 0. Let q = b + -13. Is q a prime number?
False
Let j = -3332 + 4975. Is j a composite number?
True
Let t = 78 - -3. Suppose t = 4*l - 31. Suppose l = -n + 5*n. Is n a prime number?
True
Let c = 5 + -9. Is (-5 - c)/(1/(-83)) prime?
True
Suppose -2*c - 2*b = 3*c - 93, -18 = -c - b. Is c composite?
False
Suppose -335 + 21 = -2*r. Is r prime?
True
Let x = 1231 - 596. Is x a composite number?
True
Let s = 208 - 123. Is s prime?
False
Let r(p) = 2*p**2 + 4*p + 2. Let j be r(-3). Let g be (-20)/j*(-1 - 141). Let u = 782 - g. Is u a prime number?
False
Suppose 3*z - 327 = -3*q, 0 = -z - 5*q + 59 + 34. Is z a prime number?
True
Let h = -3 - -39. Let n = 7 + -1. Suppose -2*w - n = -h. Is w a prime number?
False
Let x(f) be the second derivative of f**4/12 + f**3/3 + 89*f**2/2 + f. Is x(0) a prime number?
True
Let g be 95/30 + 1/(-6). Let o = g - -2. Is o/15*1*177 a composite number?
False
Suppose -5*y = -3*a - 350, 13 = -a - 5*y - 117. Let n be (-32)/(-3)*a/(-5). Is n/10 + (-8)/(-20) composite?
True
Suppose 5 - 9 = -2*o. Suppose -10 = 2*r, 167 = -0*g + o*g + 3*r. Is g prime?
False
Suppose 3 = -3*a + 27. Suppose -l - l = -a. Suppose 3*j - 3*u - 270 = -2*u, 5*u = -l*j + 341. Is j prime?
True
Suppose 2 = -0*j + j. Let g be 6/((-6)/(0 - 3)). Suppose g*t = j*t + 55. Is t prime?
False
Suppose 0*b = -2*b + 212. Let w = b - 8. Suppose w = 4*h + 22. Is h prime?
True
Let u(d) = d**2 + 4*d - 6. Is u(11) a prime number?
False
Let k(n) = 5*n**3 - 13*n**2 + n - 22. Is k(11) a prime number?
False
Is 1*(-159)/3*-1 prime?
True
Let k(d) = -6*d**3 - d**2 - d - 1. Let z be k(-1). Let a(o) = -o**2 - 3*o + 2. Let q be a(-3). Suppose -39 = -z*s + q*s. Is s composite?
False
Let n(g) = 3*g - 4. Suppose 0*y - 3*y = -5*j + 8, -3*j + 4*y = -7. Let z be -6*(-2 - (j - 2)). Is n(z) a prime number?
False
Let l = -215 + -42. Let u = l - -433. Let z = -99 + u. Is z a composite number?
True
Let r = 177 + 76. Is r composite?
True
Let g(d) = -d**2 - 8*d + 3. Let p be g(-9). Let l be (-1)/(3/p) + 28. Let q = l - -67. Is q a prime number?
True
Suppose 739 = 3*t - 14. Is t prime?
True
Let a(h) = 7*h**2 + h - 2. Let i be a(3). Is -3 + 2 + i/2 a composite number?
False
Let c be 364/4 + 1/1. Let q be (52/2)/(8/c). Suppose 57 + q = 4*j. Is j composite?
False
Is (-102)/68 + 9947/2 + -1 composite?
True
Suppose -u + 12 - 7 = 0. Is (3/u)/(3/435) composite?
True
Suppose 7208 + 4467 = 5*g - 5*q, -2*q - 4 = 0. Is g prime?
True
Suppose -w = 3*w + 1340. Is w/(-15) + (-4)/(-6) composite?
False
Let g = -3 + 7. Let p(b) = 4*b + g*b + b. Is p(1) a prime number?
False
Suppose 5*l - 4*l = 3. Suppose -m = y - 85, -m + l*y + 97 = y. Is m prime?
True
Suppose 4*u = 2*u + 4. Let v(r) = -r**2 - 9*r - 7. Let n be v(-6). Suppose -u*y + n + 15 = 0. Is y a composite number?
False
Suppose -2257 = -3*h - 28. Is h a composite number?
False
Suppose 4*i - 422 = a, i + 3*a + 524 = 6*i. Is i prime?
False
Suppose 2*w + v - 2*v = 4, w - 2 = -3*v. Suppose -2*n - 618 = -2*s - w*s, -4*n = -4*s + 616. Is s composite?
True
Suppose u - 3*i - 12 = 0, -3 - 17 = 5*i. Suppose -4*l - 215 + 2107 = u. Is l composite?
True
Suppose 4*t + 4*j = 3340, 0 = -t + 5*t - 3*j - 3333. Is 2/8 + t/24 prime?
False
Let t = -15 - -9. Let v be (t + -2)/((-2)/(-2)). Is (92/v)/(1/(-2)) composite?
False
Let f(n) = -7 + 2*n**2 + 0 - 14*n**2 - 9*n + 3. Let r be f(-6). Let a = r + 585. Is a a composite number?
True
Suppose 2*y - y = 273. Let f(h) = -h**3 - h**2 + h + 2. Let p be f(0). Suppose p*l - l = 5*j + 43, 4*j - y = -5*l. Is l a prime number?
True
Is (3/(12/769))/((-2)/(-8)) composite?
False
Let j be (-3)/(-4) + 22/(-8). Let b be 40/25*(-35)/j. Is (77/b)/((-1)/(-28)) composite?
True
Let f be (-2)/(-3) - (-146)/(-3). Let m be ((-38)/6)/(2/f). Suppose -4*j = -m - 4. Is j a prime number?
False
Is 2/6*0 - (-558 - -1) prime?
True
Let h(a) = -a + 7. Let w be h(-5). Suppose -w = t + t - 2*m, 0 = -2*m + 2. Let b(g) = -6*g - 7. Is b(t) prime?
True
Suppose -5*y + 3*k - 2*k = -2246, 5*k = -2*y + 893. Is y a prime number?
True
Suppose 0 = h + 8 - 32. Suppose -4*q + h = 2*a, 0 = -2*a - 2*a + 16. Suppose 75 - 247 = -q*j. Is j a composite number?
False
Let q(s) = s + 9. Let r be q(-10). Is 4 + r + 0 - -174 a prime number?
False
Suppose 3*t = 4*i - 5, -i + 11 = 2*t - 4. Let a(g) = -g**3 + g. Let h(q) = -4*q**3 - 2*q**2 + 4. Let l(b) = i*a(b) - h(b). Is l(3) a composite number?
False
Let p = 18 + -18. Suppose p*z = 3*z - 222. Is z composite?
True
Let m(k) be the third derivative of -119*k**6/720 + k**4/24 + k**2. Let n(i) be the second derivative of m(i). Is n(-1) prime?
False
Let l be (-5)/(-3) - 3/(-9). Suppose l*j + 0*j - 4 = 0. Is j*(17/2 + 1) composite?
False
Let j(g) = g**2 - 3*g + 4. Let t(v) = 3*v - 1. Let w be t(-2). Let z(b) = -b**2 - 8*b - 2. Let m be z(w). Is j(m) a prime number?
False
Let b(q) = 9*q**2 + 7. Let a be b(5). Suppose 3*t + 2*g - 69 = 2*t, a = 3*t + g. Is t prime?
True
Let t = 209 + -124. Is t composite?
True
Let x(t) = -t**3 + 11*t**2 + 3*t + 10. Let h be x(11). Let o = -21 + h. Is o a composite number?
True
Let c = 2 + 1. Let p(s) = -c*s + 2*s + s**2 - 1 - 6. Is p(10) composite?
False
Let v(x) = x**3 + 6*x**2 + x. Let h be v(-6). Let c(f) = -f**2 - 7*f - 6. Let j be c(h). Suppose -2*y + 1 + 29 = j. Is y prime?
False
Let a = -382 + 633. Suppose -a = 5*i + 3*m - 840, -i - 5*m = -109. Is i composite?